 m**2 + 3*m + 3. What are the prime factors of c(4)?
31
Let i = -34 - -18. Let d = 34 + i. Let n = 30 - d. List the prime factors of n.
2, 3
Let y(k) = 12*k**3 - 1. Let r = 0 - -2. Let h = -1 + r. List the prime factors of y(h).
11
Suppose -27 = -10*l + 9*l. What are the prime factors of 3/1*l/3?
3
Let g = 52 + -15. What are the prime factors of g?
37
Let o = 123 - 82. List the prime factors of o.
41
Suppose -2*l + 6*l + 8 = 0. List the prime factors of -1 + l*(-38)/4.
2, 3
Let c(w) be the third derivative of w**4/24 + w**3/6 - 2*w**2. List the prime factors of c(12).
13
Let v = -3 - -10. Suppose -30 = 5*s - 4*h, 4*h - 1 = -s - v. What are the prime factors of (-2)/s - (-35)/3?
2, 3
Suppose 2*c = -3*g - 16, 4*g + 2*c + 28 = c. Let r(z) = -z. Let k be r(2). Let y = k - g. What are the prime factors of y?
2, 3
Suppose s + y - 3 = -0*s, -5*s + 13 = 3*y. Suppose -o + 0*m = -3*m, 22 = 3*o + s*m. What are the prime factors of o?
2, 3
Let c = 8 - 6. Let x(u) = 9*u + 1. Let v be x(c). Let r = v - 7. List the prime factors of r.
2, 3
Suppose l - 1 = -0. List the prime factors of l/2 - (-13)/2.
7
Let n(z) = z**2 + z - 1. Let o(l) = l**3 + 2*l**2. Let i be o(-2). Let q be n(i). Let x = 4 + q. What are the prime factors of x?
3
Suppose -5*x = n + 8, -2*n - x + 4*x = -10. What are the prime factors of (-222)/(-10) - n/10?
2, 11
Suppose -2*y - 5*c = 2, -3*y - 3*c = -8*y + 26. Suppose 0 = y*q - 3*q + 5*f - 4, 3*f - 12 = -q. What are the prime factors of q?
2, 3
Suppose -17 = -5*r + 53. What are the prime factors of r?
2, 7
Suppose -2*n - 66 = -q, 220 + 20 = 4*q - 2*n. What are the prime factors of q?
2, 29
Let b = -4 - 35. Let v = b + 76. List the prime factors of v.
37
Suppose n = 2*g - n - 92, 4*n = 2*g - 100. List the prime factors of g.
2, 3, 7
Let y = 10 - 0. Let c(i) = i**3 - 9*i**2 - 8*i - 7. Let l be c(y). Let s = -8 + l. What are the prime factors of s?
5
Let o = 7 + 19. List the prime factors of o.
2, 13
Let q(v) = v**2 - 2. Suppose -4*g + 0*g = -28. Let l be (-26)/g + 2/(-7). List the prime factors of q(l).
2, 7
Let s = 29 + -18. What are the prime factors of 0 - -3 - (0 - s)?
2, 7
Let b = 115 + -7. Suppose -18 = 5*v - b. Suppose 10 = o - 4*k, k + 4*k + v = 4*o. What are the prime factors of o?
2
Suppose -5*b + 417 = 112. List the prime factors of b.
61
Suppose 5*l + 8 = 33. Suppose 0 = -l*b - 5, u + 5 = 3*u + b. Suppose -u*h + 15 = -5*m - 14, 0 = -4*h + 5*m + 37. What are the prime factors of h?
2
Let s(f) = 2*f**3 + 3*f**2 + 10*f - 13. Let y(j) = -j**3 - j**2 - 5*j + 6. Let i(m) = -6*s(m) - 13*y(m). What are the prime factors of i(5)?
5
Let a be ((-16)/(-6))/((-6)/(-9)). Suppose 5*r - c - 59 = 0, a*r - 4*c - c = 64. List the prime factors of r.
11
Let o = 29 + 7. List the prime factors of o.
2, 3
Let i = 41 + -59. Let d = i + 31. What are the prime factors of d?
13
Suppose 11*q - 12*q = -67. What are the prime factors of q?
67
Let l(p) = -2*p**2 + 10*p - 5. Let q be l(4). Let u(m) = -2*m + 1. Let n be u(2). List the prime factors of (-9)/n + -3 + q.
3
Let a(k) be the second derivative of k**4/12 + k**3/2 + k**2 + 3*k. What are the prime factors of a(0)?
2
Let l be ((-3)/(-6))/((-3)/(-6)). List the prime factors of 1*7*(l + 0).
7
Suppose 4*g = 2*g + 6. Let w(b) = b**2 - 5*b + 3. Let x be w(g). Let r(a) = 3*a**2 + 3*a + 3. List the prime factors of r(x).
3, 7
Let i = -12 + 19. Suppose -x + i = 2*o - 4, 4*x - 4*o = 80. List the prime factors of x.
17
Suppose 2*j = 2, -s - 3*j = -j + 27. Let m be 48/4*30/9. Let b = s + m. What are the prime factors of b?
11
Let k be (-2)/10 - (-9)/(-5). Let x be (0*k/4)/1. Suppose x = 3*w - 2*r - 55, -w = -0*r - 2*r - 17. List the prime factors of w.
19
Suppose -s + 133 = 2*h + h, 0 = -2*h - s + 87. What are the prime factors of h?
2, 23
Suppose -3*g = -23 - 172. What are the prime factors of g?
5, 13
What are the prime factors of ((-664)/(-20))/(4/10)?
83
Let n be (4 - 2)*18/(-4). List the prime factors of (-47)/n + 10/(-45).
5
Let m(a) = 24*a**2 - 2*a + 1. Let b be m(1). Let h = b - 8. Let o = h - 0. List the prime factors of o.
3, 5
Let t be -3*4/(-24)*20. Let b = 21 - t. What are the prime factors of b?
11
Suppose 3*k + 21 = -3*u, -6*k + 3*k = u + 11. List the prime factors of (-15)/(k - (-1)/2).
2, 5
Let m be 2/(-6) + 22/3. Suppose 5*v = 23 + m. List the prime factors of v.
2, 3
Let w(j) = j**2 - 4*j**2 + 5*j + 4 + 7*j. Let v(p) = 7*p**2 - 25*p - 9. Let z(u) = 2*v(u) + 5*w(u). List the prime factors of z(10).
2
Let u be -1 + 3 + (-3 - -2). Let w = 13 - u. List the prime factors of w.
2, 3
Let i = -9 - -9. Let j be 2 - -2*6/4. Suppose 4 = y, s - 2*y = -i*s - j. List the prime factors of s.
3
Let p(j) = -70*j + 2. What are the prime factors of p(-2)?
2, 71
Suppose 8*r - 12 = 5*r. What are the prime factors of 6/r + 220/8?
29
Suppose 8*y - 111 = 7*y. Let r = 160 - y. Let m = r - 32. What are the prime factors of m?
17
Let l(c) be the third derivative of -c**6/120 + c**5/12 + c**4/3 - 5*c**3/6 - c**2. Suppose 0 = 6*q - 28 - 8. List the prime factors of l(q).
7
Suppose -4*x + 60 = -4*u, x = 4*u + 3*x + 60. Let n be 4/(-14) + u/21. Let v = 8 - n. List the prime factors of v.
3
Let n = 15 + -8. Suppose 3 = -u + n. List the prime factors of u + -1 + 1 + -2.
2
Suppose 5*q + 78 - 208 = 0. List the prime factors of q.
2, 13
Suppose i - 2*y - 7 = y, -y + 3 = 5*i. Let k be 2*i/(2/3). Suppose -30 = -2*j - k*j. List the prime factors of j.
2, 3
Let h = 24 - 10. List the prime factors of h.
2, 7
Let w(k) = -18*k + 2. Let n be w(7). List the prime factors of n/(-10) - 8/20.
2, 3
Suppose -4*y + 63 = 19. List the prime factors of y.
11
Suppose -2*v = 5*p - v - 19, -3*v + 12 = 0. Suppose -3*z + 81 = p. What are the prime factors of z?
2, 13
Suppose 22 = p + p. Let u = 20 - p. List the prime factors of u.
3
Let a = 226 + -150. List the prime factors of a.
2, 19
Suppose -12 - 5 = -j. Let y = j + -8. What are the prime factors of y?
3
Suppose -2*p = -2 + 4. List the prime factors of (-2 - p)/(1/(-12)).
2, 3
Let h(d) = d**2 - 9*d + 10. Suppose -4*s = 6*k - k - 61, 3*s - 48 = -4*k. List the prime factors of h(k).
2, 5
Let i = -2 - -4. Suppose -i*w + 16 = -w + a, -10 = -2*a. What are the prime factors of w?
11
Let d = 330 + -176. What are the prime factors of d?
2, 7, 11
Let z(w) = -w**2 + 6*w. Let s be z(6). Suppose -4*y + s*y = -16. List the prime factors of y.
2
Suppose 0 = -h - 2*k + 157, 0*k + 465 = 3*h + 3*k. What are the prime factors of h?
3, 17
Suppose 3*c - 4*y = 20, -3*c + 2*c - 2*y = 0. Suppose -c*t + 105 = t. What are the prime factors of t?
3, 7
Suppose -2*q + 8 = -4*u, 8 = 2*q - 3*u - 3. Let o(n) = 2*n - 14. List the prime factors of o(q).
2, 3
Let b be (85/10)/((-1)/(-2)). List the prime factors of b + 0 + -3 + 2.
2
Let o = 10 + -7. Suppose o*s = -s + 76. List the prime factors of s.
19
Suppose -3 + 13 = 5*f. Suppose -v + 2*v - 24 = w, -54 = -f*v - 4*w. List the prime factors of v.
5
Let u(s) = 9*s - 3. Suppose -5*d = -2*y - 6, 6*y = 4*d + 4*y - 4. List the prime factors of u(d).
3, 5
Let o = -10 - -16. List the prime factors of ((-39)/o)/(2/(-8)).
2, 13
List the prime factors of 2 + 128 - 1 - (-1 + -2).
2, 3, 11
Suppose 2*a + 2 = -4*v - 10, 4*v = -4*a - 24. Let n = 8 + a. Suppose -n*i = -21 - 13. What are the prime factors of i?
17
Let c be (-9)/(-7) + (-4)/14. Let f(m) = m - 3. Let h be f(10). Suppose -i - 2*s - 6 = 0, s = 2*i - h - c. What are the prime factors of i?
2
Let q be 1 + ((-8)/(-2) - 1). Suppose q = -5*l - 2*v, 3*v + 4 = -2*l + v. Suppose l = u - 5 - 6. What are the prime factors of u?
11
Suppose -33 - 32 = 5*u. Let b = u + 24. List the prime factors of b.
11
Let b = -118 + 196. What are the prime factors of b?
2, 3, 13
List the prime factors of (-4)/(8 + -6) + 33*1.
31
Suppose 2*x + 3*m - 28 = -9, 0 = x + 4*m - 12. Suppose j = -0*j + x. List the prime factors of j.
2
Let p(k) = k**3 + 2*k**2 + 2*k - 2. Let f be p(2). Suppose 0*i = 3*i - f. Suppose -y = -i - 1. What are the prime factors of y?
7
Let r(k) = k**2 - 11*k + 14. List the prime factors of r(12).
2, 13
Let u = 9 + -2. Suppose 2*d = u*d. Suppose d*j = j - 8. List the prime factors of j.
2
Let w(m) = m**3 + 6*m**2 - 8*m - 4. Let f be w(-7). Let z be f/(-12) - 13/(-4). Suppose 11 + 4 = z*q. What are the prime factors of q?
5
Let c = -68 + 281. L